6
What is the thousands digit of 29884?
9
What is the tens digit of 29210?
1
What is the ten thousands digit of 103332?
0
What is the tens digit of 111295?
9
What is the tens digit of 5803?
0
What is the ten thousands digit of 55992?
5
What is the thousands digit of 1356?
1
What is the ten thousands digit of 39543?
3
What is the tens digit of 22026?
2
What is the hundreds digit of 59659?
6
What is the units digit of 502?
2
What is the thousands digit of 93514?
3
What is the units digit of 22820?
0
What is the units digit of 3281?
1
What is the hundreds digit of 17084?
0
What is the thousands digit of 2277?
2
What is the hundred thousands digit of 129963?
1
What is the tens digit of 8779?
7
What is the thousands digit of 3694?
3
What is the hundreds digit of 3784?
7
What is the hundreds digit of 1867?
8
What is the tens digit of 1938?
3
What is the tens digit of 129362?
6
What is the hundreds digit of 3951?
9
What is the hundreds digit of 1939?
9
What is the units digit of 15671?
1
What is the hundreds digit of 19361?
3
What is the tens digit of 107816?
1
What is the hundreds digit of 1635?
6
What is the hundreds digit of 2000?
0
What is the hundreds digit of 8553?
5
What is the tens digit of 468?
6
What is the tens digit of 2815?
1
What is the tens digit of 119?
1
What is the units digit of 5747?
7
What is the hundreds digit of 14884?
8
What is the thousands digit of 2797?
2
What is the hundreds digit of 8411?
4
What is the hundreds digit of 283?
2
What is the units digit of 33384?
4
What is the hundreds digit of 4736?
7
What is the units digit of 866?
6
What is the units digit of 85732?
2
What is the ten thousands digit of 23765?
2
What is the tens digit of 413?
1
What is the hundreds digit of 6451?
4
What is the hundreds digit of 385?
3
What is the tens digit of 1521?
2
What is the tens digit of 296?
9
What is the units digit of 337?
7
What is the thousands digit of 8876?
8
What is the hundreds digit of 113300?
3
What is the tens digit of 1902?
0
What is the tens digit of 711?
1
What is the thousands digit of 4747?
4
What is the units digit of 149?
9
What is the thousands digit of 36748?
6
What is the hundreds digit of 495?
4
What is the units digit of 3180?
0
What is the hundreds digit of 2006?
0
What is the hundreds digit of 7537?
5
What is the units digit of 8352?
2
What is the tens digit of 603?
0
What is the thousands digit of 69453?
9
What is the ten thousands digit of 15969?
1
What is the thousands digit of 1506?
1
What is the thousands digit of 22846?
2
What is the hundreds digit of 24627?
6
What is the tens digit of 2882?
8
What is the thousands digit of 29997?
9
What is the tens digit of 58?
5
What is the tens digit of 48675?
7
What is the units digit of 18741?
1
What is the units digit of 43637?
7
What is the hundreds digit of 7131?
1
What is the tens digit of 700?
0
What is the units digit of 739?
9
What is the thousands digit of 1175?
1
What is the units digit of 206?
6
What is the tens digit of 26686?
8
What is the units digit of 113?
3
What is the hundreds digit of 2452?
4
What is the ten thousands digit of 13078?
1
What is the hundreds digit of 8580?
5
What is the hundreds digit of 5047?
0
What is the hundreds digit of 7234?
2
What is the units digit of 98366?
6
What is the hundreds digit of 36035?
0
What is the tens digit of 14675?
7
What is the hundreds digit of 2099?
0
What is the hundreds digit of 3679?
6
What is the units digit of 3801?
1
What is the ten thousands digit of 22099?
2
What is the units digit of 1329?
9
What is the units digit of 12100?
0
What is the hundreds digit of 12090?
0
What is the hundreds digit of 2246?
2
What is the units digit of 8669?
9
What is the thousands digit of 140286?
0
What is the ten thousands digit of 11512?
1
What is the units digit of 852?
2
What is the units digit of 59234?
4
What is the tens digit of 53687?
8
What is the units digit of 1384?
4
What is the hundreds digit of 43487?
4
What is the tens digit of 696?
9
What is the hundreds digit of 7007?
0
What is the hundreds digit of 5675?
6
What is the thousands digit of 29765?
9
What is the hundred thousands digit of 117978?
1
What is the hundreds digit of 649?
6
What is the hundreds digit of 350?
3
What is the hundreds digit of 8438?
4
What is the tens digit of 910?
1
What is the units digit of 13?
3
What is the hundreds digit of 1593?
5
What is the units digit of 925?
5
What is the ten thousands digit of 11535?
1
What is the units digit of 17082?
2
What is the units digit of 7000?
0
What is the ten thousands digit of 90194?
9
What is the thousands digit of 1422?
1
What is the thousands digit of 9165?
9
What is the hundreds digit of 3862?
8
What is the thousands digit of 5408?
5
What is the tens digit of 1326?
2
What is the tens digit of 23860?
6
What is the hundreds digit of 3576?
5
What is the units digit of 24685?
5
What is the thousands digit of 44844?
4
What is the thousands digit of 25059?
5
What is the hundreds digit of 2597?
5
What is the thousands digit of 40745?
0
What is the units digit of 642?
2
What is the hundreds digit of 6630?
6
What is the thousands digit of 8657?
8
What is the units digit of 233?
3
What is the thousands digit of 1041?
1
What is the units digit of 797?
7
What is the tens digit of 552?
5
What is the hundreds digit of 1068?
0
What is the tens digit of 4351?
5
What is the tens digit of 4619?
1
What is the tens digit of 6281?
8
What is the hundreds digit of 7887?
8
What is the tens digit of 4018?
1
What is the thousands digit of 17812?
7
What is the hundreds digit of 1528?
5
What is the tens digit of 7452?
5
What is the tens digit of 1906?
0
What is the units digit of 31672?
2
What is the units digit of 4343?
3
What is the hundreds digit of 734?
7
What is the hundreds digit of 489?
4
What is the hundreds digit of 43784?
7
What is the hundreds digit of 7422?
4
What is the ten thousands digit of 30489?
3
What is the thousands digit of 16411?
6
What is the units digit of 14139?
9
What is the tens digit of 2890?
9
What is the tens digit of 3186?
8
What is the units digit of 6306?
6
What is the hundreds digit of 2581?
5
What is the hundreds digit of 8453?
4
What is the hundreds digit of 10420?
4
What is the ten thousands digit of 36833?
3
What is the tens digit of 2515?
1
What is the hundreds digit of 2430?
4
What is the tens digit of 454?
5
What is the units digit of 23100?
0
What is the units digit of 1334?
4
What is the tens digit of 23098?
9
What is the tens digit of 76293?
9
What is the hundreds digit of 14141?
1
What is the units digit of 12326?
6
What is the units digit of 32211?
1
What is the thousands digit of 13954?
3
What is the hundreds digit of 646?
6
What is the tens digit of 757?
5
What is the tens digit of 280?
8
What is the tens digit of 407?
0
What is the thousands digit of 8562?
8
What is the tens digit of 989?
8
What is the tens digit of 416?
1
What is the units digit of 109718?
8
What is the thousands digit of 2873?
2
What is the tens digit of 4268?
6
What is the tens digit of 694?
9
What is the ten thousands digit of 10489?
1
What is the thousands digit of 17328?
7
What is the ten thousands digit of 11174?
1
What is the tens digit of 858?
5
What is the units digit of 2639?
9
What is the tens digit of 20966?
6
What is the hundreds digit of 3655?
6
What is the units digit of 92?
2
What is the units digit of 6986?
6
What is the tens digit of 17663?
6
What is the tens digit of 1219?
1
What is the tens digit of 901?
0
What is the tens digit of 11491?
9
What is the ten thousands digit of 99293?
9
What is the tens digit of 464?
6
What is the tens digit of 29997?
9
What is the tens digit of 142935?
3
What is the hundreds digit of 2884?
8
What is the thousands digit of 1765?
1
What is the thousands digit of 70726?
0
What is the tens digit of 1651?
5
What is the thousands digit of 24923?
4
What is the units digit of 3131?
1
What is the ten thousands digit of 10396?
1
What is the thousands digit of 1578?
1
What is the tens digit of 1892?
9
What is the hundreds digit of 4223?
2
What is the hundreds digit of 6373?
3
What is the units digit of 3833?
3
What is the thousands digit of 18803?
8
What is the hundreds digit of 542?
5
What is the tens digit of 1654?
5
What is the units digit of 5643?
3
